-8 - -14. Let o(z) = -3 + 2*z + h - 1. Give o(c).
-6
Let o(i) be the second derivative of -i**3/6 + 4*i**2 + 7*i. Calculate o(-6).
14
Let o(f) = f**3 + 6*f**2 + 3. Let b be ((0 - 15) + 3)*(-1)/(-2). Determine o(b).
3
Let l(t) = t**2 - 5*t + 2. Let f = -2 + 5. Suppose z = 2 + f. Calculate l(z).
2
Let m(q) be the first derivative of q**3/3 - 3*q**2 + 4*q - 12. Determine m(5).
-1
Let x(l) = -4*l - 21. Let b be x(-4). Let f(c) = c + 7. Give f(b).
2
Let j(a) = a + 7. Let n be (-3)/2 - 1/(-2). Let x = n + -5. Calculate j(x).
1
Let w(d) = 3*d**3 - 2*d**3 - d - 2*d**3 + 3*d**2 + 1 + 0*d**3. Let h = 8 + -1. Suppose 0 = 4*i - 5 - h. Calculate w(i).
-2
Let u(k) be the first derivative of k**5/60 + k**4/6 - k**3/6 + 3*k**2/2 + 3. Let z(j) be the second derivative of u(j). What is z(-3)?
-4
Let q = -191/2 - -98. Let w(v) be the first derivative of -q*v**4 + v - 1 + 2/3*v**3 + v**2. Give w(-1).
11
Let s = 5 + 5. Suppose -k - 4*h = 2*k - s, 2*h = 4*k + 16. Let w(p) be the third derivative of -p**6/120 - p**5/30 - p**4/24 - p**3/6 + 2*p**2. Give w(k).
1
Let y be (-3 + (0 - 8)/2)*1. Let r(h) = -h + 1. Calculate r(y).
8
Let z(n) = -10 + n + 0*n + n. Let l be z(7). Let m(k) = l*k**2 - 6*k**2 - 4*k + 0*k**2. Give m(-3).
-6
Let x = 11 - 16. Let k(a) = 2 - 4*a + 4*a**2 + 10*a**3 - 9*a**3 + 0. Determine k(x).
-3
Let u be (10/(-3))/(14/(-21)). Let m(g) be the third derivative of 0*g + 1/60*g**6 - 1/8*g**4 + 2*g**2 + 1/3*g**3 - 1/30*g**u + 0. What is m(2)?
4
Let k(a) = -a**3 - a**2 + 17. Suppose 10*u - 6*u = 0. Give k(u).
17
Let j(p) = 4*p**3 + p**2. Suppose 12 = -3*q, k = -0*q - 4*q - 15. Determine j(k).
5
Suppose 3*z = 5*z - 4. Let a(i) be the second derivative of 0 + i + 0*i**z + 2/3*i**3. What is a(1)?
4
Let c(r) = -7*r + 0 + 2 - r. Let z(u) = u - 1. Let b = 9 - 11. Let p(n) = b*z(n) - c(n). Calculate p(-1).
-6
Suppose v + 9 - 15 = 0. Let u(i) = v*i - 2*i**2 - 6 + 5 - 2*i + 3*i**2. Calculate u(-3).
-4
Suppose -d - 25 = -3*v, 3*d = 3*v - 8 - 25. Suppose q + 5*i - 25 = 6*q, 0 = -5*q - 4*i - v. Let g(t) = t**2 + 3*t - 4. Give g(q).
-4
Let z(a) = 0 - a**2 + 1 - 6*a + 3. What is z(-6)?
4
Let l(j) = -j**2 - 7*j + 1. Suppose 2*d + 18 = 2*h, -5*d = -3*h - 26 + 65. Calculate l(d).
7
Suppose -3*y - 6*t + 4*t - 28 = 0, 5*y = -4*t - 48. Let s(k) = k**2 + 8*k + 3. Give s(y).
3
Let a(v) = -v - 2. Let l be 0/(-4)*-1 - (-3 - -7). What is a(l)?
2
Suppose 7*t + 8 = 5*t. Let d(z) = -z**3 - 4*z**2 + z - 1. Determine d(t).
-5
Let z(n) be the third derivative of -n**6/120 - n**5/15 + 5*n**4/24 - n**3/3 + n**2. Calculate z(-5).
-2
Let d(x) = -6*x**2 + x**2 + 4*x + 4*x**2. Give d(5).
-5
Let r(u) = -5*u + 15. Let m be r(3). Let w(d) be the third derivative of -1/2*d**3 - 4*d**2 + m*d - 1/6*d**4 + 0 + 1/60*d**5. What is w(5)?
2
Let g(d) = -d**3 - 5*d**2 + d - 7. Let l be (-1)/(-2) + 33/(-6). Determine g(l).
-12
Suppose 0 = -x + 2. Suppose 0 = -4*m - 4*f + 8, 5*f - 18 = -3*m + x*m. Let z(p) = p**3 + 3*p**2 + 4*p + 3. Give z(m).
-1
Let r(o) = -o**3 - 4*o**2 - 4*o - 3. Suppose 0 = -3*q - 2*q - 5, -5*q - 75 = 5*h. Let l be (-26)/7 - (-4)/h. Determine r(l).
13
Let k(f) = f + 3. Let s be k(-6). Let h(y) = -y**3 - 3*y**2 + y + 1. What is h(s)?
-2
Let b(i) be the third derivative of -1/12*i**4 + 7/6*i**3 + 0*i + 5*i**2 + 0. Let n be 5/(5/4) + 1. Calculate b(n).
-3
Suppose 4*i + 8 = 4*d, 3*d - 2*i + 0 = 4. Suppose -5*j - 34 + 4 = d. Let r(v) = 1. Let u(t) = t + 2. Let c(y) = 5*r(y) + u(y). Calculate c(j).
1
Let x(s) be the first derivative of -1/360*s**6 + 1/24*s**5 + 0*s**2 - 1/3*s**3 + 1/12*s**4 + 0*s - 1. Let h(y) be the third derivative of x(y). Calculate h(4).
6
Suppose -p + 0*p = -2*j + 10, -j + 11 = -2*p. Let z(l) = l**3 + 4*l**2 + 2*l - 3. What is z(p)?
-11
Let g(i) = 4*i - 3. Suppose -3*u = -2*u - k - 3, 5*u = 2*k. Let b = u - -4. Give g(b).
5
Let u(t) = t. Let f(b) = -5*b - 11. Let n(h) = f(h) + 4*u(h). Let i(a) = -23*a**2 - a. Let p be i(-1). Let j(o) = -1. Let g(s) = p*j(s) + 2*n(s). What is g(2)?
-4
Suppose 2*t - 4*t + 6 = 0. Let b(i) = 0*i**3 + i**t + 4*i**3 - i + 1 + 2*i**3. Determine b(1).
7
Let t(w) = 6*w + 3. Let o(v) = -3*v - 2. Let p(x) = -9*o(x) - 5*t(x). Suppose 6 + 10 = 4*d. Calculate p(d).
-9
Suppose 10 = -u - u. Let o(h) be the second derivative of h**6/360 + h**5/24 - h**4/6 + h**3/2 + 3*h. Let b(t) be the second derivative of o(t). What is b(u)?
-4
Suppose -8*b = -0*b. Let c(u) be the first derivative of 4 - 3/2*u**2 + b*u. Give c(-1).
3
Let u = -4 - -7. Let z(c) = 0*c + u*c + 4 - 6*c - 2. Calculate z(-3).
11
Let f(i) = 3 - 10 - i + 17. Determine f(0).
10
Let g(a) be the second derivative of a**3/6 + 2*a**2 + 173*a. Suppose -2*o - 8 - 4 = 0. Calculate g(o).
-2
Let r(g) = g**2 + g - 1. Suppose 0 = -4*z + 5*x - 8*x + 1, 0 = 5*x + 5. Determine r(z).
1
Let k(a) = 1 - a**3 - 3*a**2 - a + 2*a**3 + 4*a**2 - 2. Determine k(-2).
-3
Let f(h) = -1 - h**2 - 96*h + 2 + 95*h. Let y = -6 - -8. What is f(y)?
-5
Let q(y) be the third derivative of y**6/360 + y**5/40 + 2*y**3/3 - y**2. Let f(n) be the first derivative of q(n). What is f(-4)?
4
Let j be (-37)/(-7) - (-8)/(-28). Suppose 5 = 3*u - 7. Let c(k) = -1 - k - u + 3. Calculate c(j).
-7
Let x(z) be the third derivative of z**9/60480 - z**8/2880 + z**7/1260 + z**6/144 - z**5/15 + 6*z**2. Let p(l) be the third derivative of x(l). Determine p(6).
-7
Suppose 0*y - 2*y = 6. Let h(b) = 11*b + 3 - 7*b**2 - 13*b - 5. Let x(z) = 6*z**2 + 2*z + 2. Let w(k) = -5*h(k) - 6*x(k). Calculate w(y).
-5
Let l(y) be the third derivative of -1/10*y**5 + 0*y + 0 + 7/6*y**3 - 2*y**2 + 1/120*y**6 + 1/8*y**4. Determine l(5).
-3
Let f(d) = 4*d - 1. Let v(i) = i**2 + 6*i - 5. Let j(l) = -7*l + 4. Let w(q) = -q - 1. Let a(r) = j(r) - 5*w(r). Let p be a(8). Let t be v(p). Give f(t).
7
Let r(d) = -6*d**2 - 1. Let l = 23 + -18. Suppose 2 = 3*j + l. Determine r(j).
-7
Let l(x) be the first derivative of 1 + 2*x**2 - 3*x - 1/3*x**3. Calculate l(5).
-8
Let i = -1 - -6. Let j(d) = d - 6. Calculate j(i).
-1
Let o(i) = -2*i**2. Let f be (2/3)/((-15)/45). Give o(f).
-8
Let c(u) = -5*u - 2. Let i(q) = -q**2 + 2*q - 2. Let o be i(2). Let r be c(o). Let j(k) = k - r*k - 2 + 5. What is j(2)?
-11
Let h(m) = 3 + 0 + 2 - m**2 + 132*m - 133*m. Calculate h(-5).
-15
Let i(n) be the third derivative of n**7/5040 - n**6/240 + n**5/20 - 2*n**2. Let g(r) be the third derivative of i(r). What is g(3)?
0
Suppose 2*a + 5 - 3 = 0. Let c(k) = -3*k**2 + 2*k + 1. What is c(a)?
-4
Let r(s) = -2*s - 2. Suppose 2 + 7 = 3*c. What is r(c)?
-8
Let i(d) be the third derivative of -d**6/8 - d**5/60 + d**4/24 - 29*d**2. What is i(1)?
-15
Suppose 0*l = -4*l + 28. Let d(g) = 78 + g - l*g + g**2 - 76. What is d(5)?
-3
Let v(f) = 1 + 3*f + f**2 + 3 + 4*f. Suppose 7*r - 6 = 9*r. Give v(r).
-8
Let v = -138 + 130. Let p(a) = a + 1. What is p(v)?
-7
Let j(n) = 2 + 2*n**3 - 2*n**2 - n - n + n**2 - n**2. Give j(2).
6
Let r(o) be the second derivative of o**5/120 - o**4/24 + o**3/3 + 3*o. Let q(m) be the second derivative of r(m). Calculate q(3).
2
Let v(m) = -876*m + 876*m + 4*m**2 - 1 + m**3. What is v(-3)?
8
Suppose 0 = -2*t + 5*t - 9. Let w(f) = 3*f - 8. Let q(a) = -3*a + 7. Let n(d) = 4*q(d) + 3*w(d). Give n(t).
-5
Let v(y) = -2*y**2 + 2*y - 4 - y + 3*y + y. What is v(3)?
-7
Suppose -5*u - 2*x - 10 = -u, 2*u - 4*x = -30. Suppose -4*g = -0*g - 28. Let i(s) = 4*s - 10. Let p(o) = o - 3. Let t(z) = g*p(z) - 2*i(z). Determine t(u).
4
Let w(o) = -10*o**2 - o + 2. Let j(d) = d**2 - 1. Suppose -5*m + 4*m + 2*k = -9, -10 = 2*k. Let y(a) = m*w(a) - 3*j(a). What is y(-1)?
7
Let q(p) = p**3 - 6*p**2 + 3. Let x = 11 + -15. Let a(u) = -u**3 + 4*u**2 + 4*u. Let o be a(5). Let l be 5/(o/(-2)) - x. Determine q(l).
3
Let t(a) = -a**3 + 6*a**2 + a - 7. Suppose 2*h = -0*h + 6. Suppose 3*o + h*r - 12 = 0, 5*r = -4*o - 1 + 20. Let d be (o/(-3))/((-1)/18). Determine t(d).
-1
Let v(r) = r**3 + 3*r**2 + r. Suppose -3*q - 2*t = 19 - 7, 0 = 4*t + 12. Calculate v(q).
2
Let p(j) be the third derivative of -j**4/12 + 2*j**2. Let z = -15 - -7. Let y be (-4)/(-16) - (-26)/z. Give p(y).
6
Let k(c) = -c**3 + 18*c**2 - 80*c - 12. Let v be k(9). Let d(z) = -1 - 2*z + 0 - 3. Give d(v).
2
Let i(g) = 7*g**3 - g**2 + 1. Let v be i(1). Let n(t) = -t**3 + 7*t**2 - t + 6. Give n(v).
-1
Let j(n) = -n - 2. Let g be (8/(-6))/((-6)/(-27)). Calcul